{"id":613,"date":"2021-07-17T10:37:01","date_gmt":"2021-07-17T09:37:01","guid":{"rendered":"https:\/\/www.iamas.org\/iccp\/?page_id=613"},"modified":"2021-07-19T09:41:41","modified_gmt":"2021-07-19T08:41:41","slug":"session-3-convective-clouds","status":"publish","type":"page","link":"https:\/\/www.iamas.org\/iccp\/session-3-convective-clouds\/","title":{"rendered":"Session 3 &#8211; convective clouds"},"content":{"rendered":"\n<p><strong>Oral session:<\/strong><\/p>\n\n\n\n<figure class=\"wp-block-table is-style-stripes\"><table><tbody><tr><td>S3.1 The microphysics and kinematics of a potential flash flood on 3 August2013 during COPE<br>Alan Blyth*<sup>1<\/sup>, Yahui Huang<sup>2<\/sup>, Lindsay Bennett<sup>1<\/sup>, Keith Browning<sup>2<\/sup>, Sonia Lasher-Trapp<sup>3<\/sup>, David Leon<sup>4<\/sup>, Jeff French<sup>4<\/sup>, Tom Choularton<sup>5<\/sup>, Phil Brown<sup>6<\/sup>, Humphrey Lean<sup>7<\/sup><br><em><sup>1<\/sup>National Centre for Atmospheric Science, University of Leeds, UK, <sup>2<\/sup>University of Leeds, UK, <sup>3<\/sup>University of Illinois, USA, <sup>4<\/sup>University of Wyoming, USA, <sup>5<\/sup>University of Manchester, UK, <sup>6<\/sup>Met Office, UK, <sup>7<\/sup>Met Office, UK<\/em><br><a href=\"https:\/\/www.iamas.org\/iccp\/wp-content\/uploads\/sites\/3\/2021\/07\/session3_part1a.mp4\" data-type=\"URL\" data-id=\"https:\/\/www.iamas.org\/iccp\/wp-content\/uploads\/sites\/3\/2021\/07\/session3_part1a.mp4\" target=\"_blank\" rel=\"noreferrer noopener\">(video; position 0:00)<\/a><\/td><\/tr><tr><td>S3.2 Ice formation in convective clouds over southwest England<br>Jonathan Taylor*<sup>1<\/sup>, Tom Choularton<sup>1<\/sup>, Alan Blyth<sup>2<\/sup>, Zixia Liu<sup>1<\/sup>, Keith Bower<sup>1<\/sup>, Jonathan Crosier<sup>1,3<\/sup>, Martin Gallagher<sup>1<\/sup>, Paul Williams<sup>1,3<\/sup>, James Dorsey<sup>1,3<\/sup>, Michael Flynn<sup>1<\/sup>, Gillian Young<sup>1<\/sup>, Lindsay Bennett<sup>2<\/sup>, Yahui Huang<sup>2<\/sup>, Phil Rosenberg<sup>2<\/sup>, Jeff French<sup>4<\/sup>, Alexei Korolev<sup>5<\/sup>, Phil Brown<sup>6<\/sup><br><em><sup>1<\/sup>Centre for Atmospheric Science, University of Manchester, UK, <sup>2<\/sup>National Centre for Atmospheric Science, University of Leeds, UK, <sup>3<\/sup>National Centre for Atmospheric Science, University of Manchester, UK, <sup>4<\/sup>Department of Atmospheric Science, University of Wyoming, USA, <sup>5<\/sup>Cloud Physics and Severe Weather Research Section, Environment Canada, Canada, <sup>6<\/sup>Met Office, UK<\/em> <a href=\"https:\/\/www.iamas.org\/iccp\/wp-content\/uploads\/sites\/3\/2021\/07\/session3_part1a.mp4\" data-type=\"URL\" data-id=\"https:\/\/www.iamas.org\/iccp\/wp-content\/uploads\/sites\/3\/2021\/07\/session3_part1a.mp4\" target=\"_blank\" rel=\"noreferrer noopener\">(video; position 14:05)<\/a><\/td><\/tr><tr><td>S3.3 Microphysical Structure of Elevated Convection in Winter Cyclones<br>Amanda Murphy*<sup>1<\/sup>, Robert Rauber<sup>1<\/sup>, Greg McFarquhar<sup>1<\/sup>, Brian Jewett<sup>1<\/sup>, David Plummer<sup>1,2<\/sup>, Joseph Finlon<sup>1<\/sup>, Andrew Rosenow<sup>1<\/sup><br><em><sup>1<\/sup>Department of Atmospheric Sciences, University of Illinois at Urbana-Champaign, USA, <sup>2<\/sup>Department of Atmospheric Science, University of Wyoming, USA<\/em> <a href=\"https:\/\/www.iamas.org\/iccp\/wp-content\/uploads\/sites\/3\/2021\/07\/session3_part1a.mp4\" data-type=\"URL\" data-id=\"https:\/\/www.iamas.org\/iccp\/wp-content\/uploads\/sites\/3\/2021\/07\/session3_part1a.mp4\" target=\"_blank\" rel=\"noreferrer noopener\">(video; position 29:30)<\/a><\/td><\/tr><tr><td>S3.4 Microphysical implications of convection, turbulence, generating cells and other fine scale structures within a cyclone along the U.S. Northeast Coast: a first look at high resolution HIAPER Cloud Radar Observations<br>Robert Rauber*<sup>1<\/sup>, Scott Ellis<sup>2<\/sup>, Andrew Janiszeski<sup>1<\/sup>, J Vivekanandan<sup>2<\/sup>, Jeffrey Stith<sup>2<\/sup>, Wen-Chau Lee<sup>2<\/sup>, Greg McFarquhar<sup>1<\/sup>, Brian Jewett<sup>1<\/sup><br><em><sup>1<\/sup>University of Illinois, USA, <sup>2<\/sup>National Center for Atmospheric Research, USA<\/em> <a href=\"https:\/\/www.iamas.org\/iccp\/wp-content\/uploads\/sites\/3\/2021\/07\/session3_part1b.mp4\" data-type=\"URL\" data-id=\"https:\/\/www.iamas.org\/iccp\/wp-content\/uploads\/sites\/3\/2021\/07\/session3_part1b.mp4\" target=\"_blank\" rel=\"noreferrer noopener\">(video; position 0:00)<\/a><\/td><\/tr><tr><td>S.3.5 The microphysical properties and radiative consequences of frozen droplets in the upper regions of convective storms<br>Jeffrey Stith*<sup>1<\/sup>, Greg McFarquhar<sup>2<\/sup>, Junshik Um<sup>2<\/sup><br><em><sup>1<\/sup>National Center for Atmospheric Research, USA, <sup>2<\/sup>University of Illinois at Urbana-Champaign, USA<\/em><br><a href=\"https:\/\/www.iamas.org\/iccp\/wp-content\/uploads\/sites\/3\/2021\/07\/session3_part1b.mp4\" data-type=\"URL\" data-id=\"https:\/\/www.iamas.org\/iccp\/wp-content\/uploads\/sites\/3\/2021\/07\/session3_part1b.mp4\" target=\"_blank\" rel=\"noreferrer noopener\">(video; position 16:45)<\/a><\/td><\/tr><tr><td>S3.6 Graupel and hail properties retrieval in supercells thunderstorms from airborne multifrequency radar and radiometer observations<br>Alessandro Battaglia*<sup>1,2<\/sup>, Frederic Tridon<sup>1<\/sup>, Kamil Mroz<sup>1<\/sup>, Simone Tanelli<sup>3<\/sup>, Tim Lang<sup>4<\/sup>, Gerry Heymsfield<sup>5<\/sup>, Lin Tian<sup>5<\/sup><br><em><sup>1<\/sup>Department of Physics and Astronomy, University of Leicester, UK, <sup>2<\/sup>National Center Earth Observation, University of Leicester, UK, <sup>3<\/sup>Jet Propulsion Laboratory, California Institute of Technology, USA, <sup>4<\/sup>NASA Marshall Space Flight Center, USA, <sup>5<\/sup>NASA Goddard Space Flight Center, USA<\/em> <a href=\"https:\/\/www.iamas.org\/iccp\/wp-content\/uploads\/sites\/3\/2021\/07\/session3_part1c.mp4\" data-type=\"URL\" data-id=\"https:\/\/www.iamas.org\/iccp\/wp-content\/uploads\/sites\/3\/2021\/07\/session3_part1c.mp4\" target=\"_blank\" rel=\"noreferrer noopener\">(video: position 0:00)<\/a><\/td><\/tr><tr><td>S3.7 How are changes in warm phase microphysics reflected in deep convective clouds?<br>Qian Chen*, Ilan Koren, Orit Altaratz, Reuven Heiblum, Guy Dagan, Lital Pinto<br><em>Weizmann Institute of Science, Israel<\/em> <a href=\"https:\/\/www.iamas.org\/iccp\/wp-content\/uploads\/sites\/3\/2021\/07\/session3_part1c.mp4\" data-type=\"URL\" data-id=\"https:\/\/www.iamas.org\/iccp\/wp-content\/uploads\/sites\/3\/2021\/07\/session3_part1c.mp4\" target=\"_blank\" rel=\"noreferrer noopener\">(video; postion 16:30)<\/a><\/td><\/tr><tr><td>S3.8 Aerosol-cloud interaction signal in a meteorological ensemble of convective precipitation from COPE<br>Annette Miltenberger*<sup>1<\/sup>, Paul Field<sup>1,2<\/sup>, Philip Rosenberg<sup>1<\/sup>, Adrian Hill<sup>2<\/sup>, Ben Shipway<sup>1<\/sup>, Jonathan Wilkinson<sup>2<\/sup>, Alan Blyth<sup>1<\/sup><br><em><sup>1<\/sup>University of Leeds, UK, <sup>2<\/sup>MetOffice, UK<\/em> <a href=\"https:\/\/www.iamas.org\/iccp\/wp-content\/uploads\/sites\/3\/2021\/07\/session3_part1c.mp4\" data-type=\"URL\" data-id=\"https:\/\/www.iamas.org\/iccp\/wp-content\/uploads\/sites\/3\/2021\/07\/session3_part1c.mp4\" target=\"_blank\" rel=\"noreferrer noopener\">(video; position 29:20)<\/a><\/td><\/tr><tr><td>S3.9 Storm Transport of Dust from the Boundary Layer to Upper Troposphere<br>Susan van den Heever*<sup>1<\/sup>, Leah Grant<sup>1<\/sup>, Stephen Herbener<sup>1<\/sup>, Amanda Sheffield<sup>1<\/sup>, Stephen Saleeby<sup>1<\/sup>, Cynthia Twohy<sup>2<\/sup>, Kathryn Sauter<sup>3<\/sup>, Tristan L&#8217;Ecuyer<sup>3<\/sup>, Catherine Naud<sup>4<\/sup>, Derek Posselt<sup>5<\/sup><br><em><sup>1<\/sup>Colorado State University, USA, <sup>2<\/sup>NorthWest Research Associates, USA, <sup>3<\/sup>University of Wisconsin &#8211; Madison, USA, <sup>4<\/sup>Columbia University, USA, <sup>5<\/sup>University of Michigan, USA<\/em><a href=\"https:\/\/www.iamas.org\/iccp\/wp-content\/uploads\/sites\/3\/2021\/07\/session3_part1d.mp4\" data-type=\"URL\" data-id=\"https:\/\/www.iamas.org\/iccp\/wp-content\/uploads\/sites\/3\/2021\/07\/session3_part1d.mp4\" target=\"_blank\" rel=\"noreferrer noopener\"> (video; position 0:00)<\/a><\/td><\/tr><tr><td>S3.10 Toward a PDF representation of deep convection: the importance and parameterization of hydrometeor transport<br>Mikhail Ovchinnikov*<sup>1<\/sup>, May Wong<sup>2<\/sup><br><em><sup>1<\/sup>Pacific Northwest National Laboratory, USA, <sup>2<\/sup>National Center for Atmospheric Research, USA<\/em><br><a href=\"https:\/\/www.iamas.org\/iccp\/wp-content\/uploads\/sites\/3\/2021\/07\/session3_part1d.mp4\" data-type=\"URL\" data-id=\"https:\/\/www.iamas.org\/iccp\/wp-content\/uploads\/sites\/3\/2021\/07\/session3_part1d.mp4\" target=\"_blank\" rel=\"noreferrer noopener\">(video; position 16:15)<\/a><\/td><\/tr><tr><td>S3.11 Center-of-gravity vs. mass phase space &#8211; an efficient approach for analyzing interactions and key processes in cloud fields<br>Reuven H. Heiblum*<sup>1<\/sup>, Orit Altaratz<sup>1<\/sup>, Ilan Koren<sup>1<\/sup>, Graham Feingold<sup>2<\/sup>, Alexander Kostinski<sup>3<\/sup>, Alexander Khain<sup>4<\/sup>, Mikhail Ovchinnikov<sup>5<\/sup>, Erick Fredj<sup>1,6<\/sup>, Guy Dagan<sup>1<\/sup>, Lital Pinto<sup>1<\/sup>, Ricki Yaish<sup>1<\/sup>, Qian Chen<sup>1<\/sup><br><em><sup>1<\/sup>Department of Earth and Planetary Sciences, Weizmann Institute of Science, Israel, <sup>2<\/sup>NOAA Earth System Research Laboratory (ESRL), Chemical Sciences Division, USA, <sup>3<\/sup>Department of Physics, Michigan Technological University, USA, <sup>4<\/sup>The Institute of the Earth Science, Hebrew University of Jerusalem, Israel, <sup>5<\/sup>Atmosphere Science and Global Change Division, Pacific Northwest National Laboratory, USA, <sup>6<\/sup>(Jerusalem College of Technology, Israel<\/em> <a href=\"https:\/\/www.iamas.org\/iccp\/wp-content\/uploads\/sites\/3\/2021\/07\/session3_part1e.mp4\" target=\"_blank\" rel=\"noreferrer noopener\">(video; position 0:00)<\/a><\/td><\/tr><tr><td>S3.12 Controls on the Characteristics of Convective Clouds Associated with Sea Breeze Circulations<br>Adele L Igel*<sup>1<\/sup>, Jungmin Park<sup>1<\/sup>, Jill S Johnson<sup>2<\/sup>, Susan C van den Heever<sup>1<\/sup>, Ken S Carslaw<sup>2<\/sup><br><em><sup>1<\/sup>Colorado State University, USA, <sup>2<\/sup>University of Leeds, UK<\/em> <a href=\"https:\/\/www.iamas.org\/iccp\/wp-content\/uploads\/sites\/3\/2021\/07\/session3_part1e.mp4\" data-type=\"URL\" data-id=\"https:\/\/www.iamas.org\/iccp\/wp-content\/uploads\/sites\/3\/2021\/07\/session3_part1e.mp4\" target=\"_blank\" rel=\"noreferrer noopener\">(video; position 17:00)<\/a><\/td><\/tr><tr><td>S3.13 Assessing Clausius-Clapeyron scaling of moist convection over land within an idealized convection-resolving modeling framework<br>Linda Schlemmer*, Christoph Sch\u00e4r<br><em>Institute for Atmospheric and Climate Science, ETH Zurich, Switzerland<\/em> <a href=\"https:\/\/www.iamas.org\/iccp\/wp-content\/uploads\/sites\/3\/2021\/07\/session3_part1f.mp4\" data-type=\"URL\" data-id=\"https:\/\/www.iamas.org\/iccp\/wp-content\/uploads\/sites\/3\/2021\/07\/session3_part1f.mp4\" target=\"_blank\" rel=\"noreferrer noopener\">(video; position 0:00)<\/a><\/td><\/tr><tr><td>S3.14 Dynamical Influences on Cold Pool Development<br>George Bryan<br><em>National Center for Atmospheric Research, USA<\/em> <a href=\"https:\/\/www.iamas.org\/iccp\/wp-content\/uploads\/sites\/3\/2021\/07\/session3_part1f.mp4\" data-type=\"URL\" data-id=\"https:\/\/www.iamas.org\/iccp\/wp-content\/uploads\/sites\/3\/2021\/07\/session3_part1f.mp4\" target=\"_blank\" rel=\"noreferrer noopener\">(video; position 13:20)<\/a><\/td><\/tr><\/tbody><\/table><\/figure>\n\n\n\n<p><strong>Poster session:<\/strong><\/p>\n\n\n\n<figure class=\"wp-block-table is-style-stripes\"><table><tbody><tr><td>P3.1 A modified cumulus parameterization scheme and its applications in the simulation of heavy rainfall<br>XiBa Tang<br><em>Institute of Atmospheric Physics, China<\/em><\/td><\/tr><tr><td>P3.2 The Use of Modern Information Technologies of Consolidation of Meteorological Information and of Machine Learning for Validation of the Numerical Model of Convective Cloud Intended for Operational Forecasting of Dangerous Convective Phenomena<br>Elena Stankova*, Dmitry Petrov, Andrey Balakshiy<br><em>Saint-Petersburg State University, Russia<\/em><\/td><\/tr><tr><td>P3.3 Excessive Forecasts of Precipitation produced by poorly-resolved convective plumes in a point-wise semi-Lagrangian model<br>Jonathan Wilkinson*, Paul Field, Ben Shipway, Chris Smith, Simon Vosper, Stuart Webster, Nigel Wood, Mohamed Zerroukat<br><em>Met Office, UK<\/em><\/td><\/tr><tr><td>P3.4 The study of environmental conditions at the development of thunderstorms over Bulgaria<br>Boryana Markova*<sup>1<\/sup>, Rumjana Mitzeva<sup>2<\/sup><br><em><sup>1<\/sup><\/em><em>National Institute of Meteorology and Hydrology &#8211; BAS, Bulgaria, <sup>2<\/sup>Faculty of Physics, University of Sofia, Bulgaria<\/em><\/td><\/tr><tr><td>P3.5 Simulations of a squall line case from MC3E applying three different bin microphysics schemes<br>Lulin Xue*<sup>1<\/sup>, Zach Lebo<sup>2<\/sup>, Jiwen Fan<sup>3<\/sup>, Wei Wu<sup>4<\/sup>, Istv\u00e1n Geresdi<sup>5<\/sup>, Aaron Bansemer<sup>1<\/sup>, Xia Chu<sup>2<\/sup>, Hugh Morrison<sup>1<\/sup>, Roy Rasmussen<sup>1<\/sup>, Wojciech Grabowski<sup>1<\/sup>, Andy Heymsfield<sup>1<\/sup>, Greg McFarquhar<sup>4<\/sup><br><em><sup>1<\/sup><\/em><em>National Center for Atmospheric Research, USA, <sup>2<\/sup>University of Wyoming, USA, <sup>3<\/sup>Pacific Northwest National Laboratory, USA, <sup>4<\/sup>University of Illinois at Urbana-Champaign, USA, <sup>5<\/sup>University of Pecs, Hungary<\/em><\/td><\/tr><tr><td>P3.6 Climatological study on the morphology and environmental properties of quasi-stationary convective clusters during the warm season in Japan<br>Takashi Unuma, Tetsuya Takemi*<br><em>Disaster Prevention Research Institute, Kyoto University, Japan<\/em><\/td><\/tr><tr><td>P3.7 Lifecycles of convective cloud morphology<br>Sarah Taylor*<sup>1<\/sup>, Philip Stier<sup>1<\/sup>, Bethan White<sup>1<\/sup>, Tobias Zinner<sup>2<\/sup><br><em><sup>1<\/sup><\/em><em>University of Oxford, UK, <sup>2<\/sup>Ludwig Maximilians Universit\u00e4t, Germany<\/em><\/td><\/tr><tr><td>P3.8 The importance of multiple thermals in the production of ice and precipitation in COPE clouds<br>Yahui Huang*<sup>1<\/sup>, Alan Blyth<sup>1,2<\/sup>, Keith Browning<sup>2<\/sup>, Keith Bower<sup>3<\/sup>, Tom Choularton<sup>3<\/sup>, Philip Brown<sup>4<\/sup>, Jeffrey French<sup>5<\/sup>, David Leon<sup>5<\/sup>, Sonia Lasher-Trapp<sup>6<\/sup><br><em><sup>1<\/sup><\/em><em>University of Leeds, UK, <sup>2<\/sup>National Centre for Atmospheric Science, UK, <sup>3<\/sup>University of Manchester, UK, <sup>4<\/sup>Met Office, UK, <sup>5<\/sup>University of Wyoming, USA, <sup>6<\/sup>University of Illinois, USA<\/em><\/td><\/tr><tr><td>P3.9 A mesoscale model intercomparison study of a mid-latitude event observed during the HYMEX campaign<br>Celine Planche*<sup>1,2<\/sup>, Wolfram Wobrock<sup>1,2<\/sup>, Andrea Flossmann<sup>1,2<\/sup>, Christina Kagkara<sup>0<\/sup><br><em><sup>1<\/sup><\/em><em>Universit\u00e9 Clermont Auvergne, Laboratoire de M\u00e9t\u00e9orologie Physique, France, <sup>2<\/sup>CNRS, INSU, UMR 6016, Laboratoire de M\u00e9t\u00e9orologie Physique, France<\/em><\/td><\/tr><tr><td>P3.10 Evolution of convective clouds initiated over mountains observed by Ka-band scanning Doppler radar and stereo photogrammetry<br>Ryohei Misumi*, Namiko Sakurai, Takeshi Maesaka, Shin-ichi Suzuki, Shingo Shimizu, Koyuru Iwanami<br><em>National Research Institute for Earth Science and Disaster Prevention, Japan<\/em><\/td><\/tr><tr><td>P3.11 Hail cloud identification indexes based on Doppler radar data in Northwestern Fujian<br>Chen Binbin*<sup>1<\/sup>, Lin Changcheng<sup>1<\/sup>, Lin Wen<sup>1<\/sup>, Yang Kai<sup>1<\/sup>, Zhang Wei<sup>2<\/sup><br><em><sup>1<\/sup><\/em><em>Fujian Meteorological Science Institute, China, <sup>2<\/sup>Longyan Meteorological Bureau, China<\/em><\/td><\/tr><tr><td>P3.12 An Investigation of Relationships between Wind Shear and Microphysical Pathways&nbsp;Leading to Convective Rainfall<br>Shailendra Kumar*<sup>1<\/sup>, Sonia Lasher-Trapp<sup>1<\/sup>, Daniel Moser<sup>1<\/sup>, Jeff French<sup>2<\/sup>, Alan Blyth<sup>3<\/sup>, David Leon<sup>2<\/sup><br><em><sup>1<\/sup><\/em><em>University of Illinois, USA, <sup>2<\/sup>University of Wyoming, USA, <sup>3<\/sup>NCAS, School of Earth and Environment, Univ. of Leeds, UK<\/em><\/td><\/tr><tr><td>P3.13 High-resolution numerical simulations of an unusual cloud formation<br>Guillaume Penide*<sup>1<\/sup>, Nicolas Ferlay<sup>1<\/sup>, Fanny Minvielle<sup>1<\/sup>, Timothy Garrett<sup>2<\/sup><br><em><sup>1<\/sup><\/em><em>LOA &#8211; University of Lille, France, <sup>2<\/sup>University of Utah, USA<\/em><\/td><\/tr><tr><td>P3.14 Evaluation of the Microphysics of Precipitation with Multifrequency Radar Observations (EMPORiuM): a prospective study<br>Frederic Tridon*<sup>1<\/sup>, Celine Planche<sup>2,3<\/sup>, Alessandro Battaglia<sup>1,4<\/sup>, Marie Monier<sup>2,3<\/sup>, Joel Van Bealen<sup>2,3<\/sup>, Wolfram Wobrock<sup>2,3<\/sup><br><em><sup>1<\/sup><\/em><em>Department of Physics and Astronomy, University of Leicester, UK, <sup>2<\/sup>LaMP\/UBP, UK, <sup>3<\/sup>INSU\/CNRS, UK, <sup>4<\/sup>National Center Earth Observation, University of Leicester, UK<\/em><\/td><\/tr><tr><td>P3.15 Stochastic Parameterisation of Deep Convection Based on the Plant and Craig Approach Applied to the Bechtold Scheme<br>Leo Separovic*, Martin Charron, Paul Vaillancourt, Jing Yang, Ayrton Zadra<br><em>Recherche en Pr\u00e9vision Num\u00e9rique Atmosph\u00e9rique, Meteorological Research Division, Environment and Climate Change Canada, Canada<\/em><\/td><\/tr><tr><td>P3.16 THE ROLE OF VERTICAL WIND SHEAR IN THE GREAT PYROCUMULUS OF COSTA DEL SOL (M\u00c1LAGA, SPAIN) ON 30 AUGUST 2012<br>Jose Maria S\u00e1nchez-Laulh\u00e9<sup>1<\/sup>, Miguel Angel Catalina<sup>2<\/sup>, Roberto Fraile*<sup>3<\/sup>, Maria Fernandez-Raga<sup>3<\/sup><br><em><sup>1<\/sup><\/em><em>AEMET, M\u00e1laga Meteorological Center, Spain, <sup>2<\/sup>Regional Service against fire (INFOCA) in M\u00e1laga, Spain, <sup>3<\/sup>University of Le\u00f3n. Department of Applied Chemistry and Physics, IMARENAB, Spain<\/em><\/td><\/tr><tr><td>P3.17 Drawing insights from a bin microphysical scheme to improve a bulk scheme in a simulation of a 3-dimensional squall line<br>Gregory Thompson*<sup>1<\/sup>, Sarah Tessendorf<sup>1<\/sup>, Istvan Geresdi<sup>2<\/sup>, Noemi Sarkadi<sup>2<\/sup><br><em><sup>1<\/sup><\/em><em>NCAR-RAL, USA, <sup>2<\/sup>Univ of Pecs, Hungary, Hungary<\/em><\/td><\/tr><tr><td>P3.18 A pseudo-aerosol convective invigoration effect caused by meteorology<br>Adam Varble<br><em>University of Utah, USA<\/em><\/td><\/tr><tr><td>P3.19 Comparison of ice particle size distributions observed during MC3E in trailing stratiform outflow with NU-WRF simulations using diagnostic and prognostic droplet number concentrations<br>Ann Fridlind*<sup>1<\/sup>, Xiaowen Li<sup>2,3<\/sup>, Di Wu<sup>2,4<\/sup>, Marcus van Lier-Walqui<sup>1,5<\/sup>, Wei-Kuo Tao<sup>2<\/sup>, Andrew Ackerman<sup>1<\/sup>, Greg McFarquhar<sup>6<\/sup>, Wei Wu<sup>6<\/sup>, Xiquan Dong<sup>7<\/sup>, Jingyu Wang<sup>7<\/sup><br><em><sup>1<\/sup><\/em><em>NASA GISS, USA, <sup>2<\/sup>NASA GSFC, USA, <sup>3<\/sup>Morgan State University, USA, <sup>4<\/sup>Science Systems and Applications, Inc., USA, <sup>5<\/sup>Columbia University, USA, <sup>6<\/sup>University of Illinois, USA, <sup>7<\/sup>University of North Dakota, USA<\/em><\/td><\/tr><tr><td>P3.20 Analysis of convective updraft characteristics: Comparing models and observations using KDP columns<br>Marcus van Lier-Walqui*<sup>1,2<\/sup>, Ann Fridlind<sup>2<\/sup>, Andrew Ackerman<sup>2<\/sup>, Di Wu<sup>3,4<\/sup>, Xiaowen Li<sup>5,4<\/sup>, Wei-Kuo Tao<sup>4<\/sup>, Pavlos Kollias<sup>6<\/sup>, Alexander Ryzhkov<sup>7,8<\/sup>, Scott Collis<sup>9<\/sup><br><em><sup>1<\/sup><\/em><em>Columbia University, USA, <sup>2<\/sup>NASA Goddard Institute for Space Studies, USA, <sup>3<\/sup>Science Systems and Applicaitons Inc., USA, <sup>4<\/sup>NASA Goddard Space Flight Center, USA, <sup>5<\/sup>Morgan State University, USA, <sup>6<\/sup>Stonybrook University, USA, <sup>7<\/sup>University of Oklahoma, USA, <sup>8<\/sup>NOAA National Severe Storms Laboratory, USA, <sup>9<\/sup>Argonne National Laboratory, USA<\/em><\/td><\/tr><tr><td>P3.21 Application of High Speed Imaging (HSI) probe in the characterization of glaciated and mixed-phase conditions in deep convective clouds<br>Biagio Esposito*<sup>1<\/sup>, Alexei Korolev<sup>2<\/sup>, Mengistu Wolde<sup>3<\/sup><br><em><sup>1<\/sup><\/em><em>Italian Aerospace Research Centre, Italy, <sup>2<\/sup>Environment Canada, Canada, <sup>3<\/sup>National Research Council, Canada<\/em><\/td><\/tr><tr><td>P3.22 Characterization of tropical convective cloud structure using an airborne G-band Radiometer and W-band cloud radar in the HIWC environment<br>Mengistu Wolde*<sup>1<\/sup>, Cuong Nguyen<sup>1<\/sup>, Philip Gabriel<sup>2<\/sup>, Alexei Korolev<sup>3<\/sup><br><em><sup>1<\/sup><\/em><em>National Research Council of Canada, Canada, <sup>2<\/sup>General Analytics LLC, USA, <sup>3<\/sup>Environment and Climate Change Canada, Canada<\/em><\/td><\/tr><\/tbody><\/table><\/figure>\n","protected":false},"excerpt":{"rendered":"<p>Oral session: S3.1 The microphysics and kinematics of a potential flash flood on 3 August2013 during COPEAlan Blyth*1, Yahui Huang2, Lindsay Bennett1, Keith Browning2, Sonia Lasher-Trapp3, David Leon4, Jeff French4, Tom Choularton5, Phil Brown6, Humphrey Lean71National Centre for Atmospheric Science, University of Leeds, UK, 2University of Leeds, UK, 3University of Illinois, USA, 4University of Wyoming, [&hellip;]<\/p>\n","protected":false},"author":9,"featured_media":0,"parent":0,"menu_order":0,"comment_status":"closed","ping_status":"closed","template":"","meta":{"ngg_post_thumbnail":0,"cybocfi_hide_featured_image":"","footnotes":""},"class_list":["post-613","page","type-page","status-publish","hentry"],"post_mailing_queue_ids":[],"_links":{"self":[{"href":"https:\/\/www.iamas.org\/iccp\/wp-json\/wp\/v2\/pages\/613","targetHints":{"allow":["GET"]}}],"collection":[{"href":"https:\/\/www.iamas.org\/iccp\/wp-json\/wp\/v2\/pages"}],"about":[{"href":"https:\/\/www.iamas.org\/iccp\/wp-json\/wp\/v2\/types\/page"}],"author":[{"embeddable":true,"href":"https:\/\/www.iamas.org\/iccp\/wp-json\/wp\/v2\/users\/9"}],"replies":[{"embeddable":true,"href":"https:\/\/www.iamas.org\/iccp\/wp-json\/wp\/v2\/comments?post=613"}],"version-history":[{"count":6,"href":"https:\/\/www.iamas.org\/iccp\/wp-json\/wp\/v2\/pages\/613\/revisions"}],"predecessor-version":[{"id":668,"href":"https:\/\/www.iamas.org\/iccp\/wp-json\/wp\/v2\/pages\/613\/revisions\/668"}],"wp:attachment":[{"href":"https:\/\/www.iamas.org\/iccp\/wp-json\/wp\/v2\/media?parent=613"}],"curies":[{"name":"wp","href":"https:\/\/api.w.org\/{rel}","templated":true}]}}